ase 5) to base 14.
3808
What is -4830 (base 10) in base 9?
-6556
3400 (base 9) to base 3
10110000
Convert -704 (base 10) to base 14.
-384
25369 (base 11) to base 8
107027
Convert -100443 (base 5) to base 9.
-4408
What is 5998 (base 10) in base 16?
176e
4948 (base 10) to base 7
20266
What is 11451 (base 9) in base 10?
7660
Convert -18125 (base 10) to base 15.
-5585
-222 (base 16) to base 2
-1000100010
What is 20924 (base 10) in base 7?
115001
Convert -124 (base 10) to base 8.
-174
What is -2371 (base 8) in base 5?
-20043
Convert 23020 (base 4) to base 6.
3144
What is -1da (base 15) in base 12?
-2ba
Convert -11101111011101 (base 2) to base 12.
-8a51
Convert -101100011 (base 4) to base 12.
-34a85
-202 (base 8) to base 15
-8a
-1073 (base 15) to base 14
-13ab
Convert -100010001001 (base 2) to base 10.
-2185
-52311 (base 7) to base 16
-322e
-3533 (base 16) to base 10
-13619
Convert -32c (base 14) to base 10.
-628
Convert 42505 (base 6) to base 14.
2185
What is 1516 (base 16) in base 15?
18ed
Convert 1011111001111 (base 2) to base 7.
23525
-1230 (base 5) to base 16
-be
-289 (base 11) to base 12
-243
Convert 2422 (base 6) to base 5.
4330
-242203 (base 5) to base 14
-3429
-116246 (base 7) to base 8
-51626
Convert 1c75 (base 14) to base 15.
1819
Convert 1288 (base 13) to base 2.
101001010111
2dd (base 16) to base 9
1004
1726 (base 11) to base 4
202132
Convert -151136 (base 7) to base 11.
-1aa64
1323 (base 5) to base 12
159
What is -1cc (base 14) in base 12?
-274
Convert 279a (base 13) to base 12.
3374
Convert -464 (base 10) to base 6.
-2052
What is 13120 (base 5) in base 8?
2013
-c1c (base 13) to base 7
-5662
Convert -580 (base 13) to base 4.
-32311
Convert -5a18 (base 13) to base 2.
-11000110011000
What is -39837 (base 10) in base 11?
-27a26
10100210 (base 3) to base 11
1929
5 (base 10) to base 2
101
-93 (base 13) to base 2
-1111000
Convert -1000101000110 (base 2) to base 16.
-1146
122422 (base 5) to base 13
2205
-315 (base 12) to base 15
-1ee
What is -206 (base 11) in base 10?
-248
What is -22301333 (base 4) in base 14?
-12143
What is -1447 (base 9) in base 2?
-10001001000
-87cd (base 16) to base 8
-103715
43 (base 5) to base 16
17
What is -111 (base 7) in base 16?
-39
-1244411 (base 5) to base 16
-6195
Convert 163a1 (base 11) to base 9.
34617
Convert -a634 (base 12) to base 10.
-18184
56 (base 16) to base 8
126
Convert -1202221 (base 3) to base 16.
-50e
-5939 (base 10) to base 16
-1733
Convert 20206 (base 9) to base 14.
4bb4
Convert -30043 (base 6) to base 11.
-2a3a
Convert -8534 (base 11) to base 12.
-664a
What is 472 (base 12) in base 8?
1226
510 (base 7) to base 11
20a
What is -104 (base 7) in base 9?
-58
What is 1084 (base 14) in base 4?
230230
7377 (base 12) to base 7
51535
What is -12620 (base 10) in base 16?
-314c
Convert 5142 (base 8) to base 4.
221202
2135 (base 7) to base 3
1001012
Convert 1220100110 (base 3) to base 7.
214065
Convert -102110110 (base 3) to base 13.
-3a59
Convert -107c (base 16) to base 12.
-2538
Convert 6056 (base 8) to base 16.
c2e
What is -120211 (base 3) in base 11?
-359
Convert -11100101000110 (base 2) to base 6.
-151514
What is -2321 (base 5) in base 14?
-1a0
-10002213 (base 4) to base 14
-6063
-3b1b (base 15) to base 8
-30522
Convert -1025 (base 9) to base 8.
-1360
Convert -cd25 (base 16) to base 13.
-1ab9a
-1110111001001 (base 2) to base 10
-7625
-10010101000011 (base 2) to base 6
-112055
Convert 1054 (base 6) to base 3.
100021
2311 (base 6) to base 4
20203
Convert -1000011011 (base 2) to base 6.
-2255
Convert 12112 (base 4) to base 8.
626
Convert -16233 (base 10) to base 15.
-4c23
-9f (base 16) to base 9
-186
4222 (base 7) to base 2
10111001110
-10011000101111 (base 2) to base 10
-9775
What is -30010 (base 4) in base 16?
-304
-240 (base 14) to base 11
-378
What is -3102034 (base 5) in base 2?
-1100010001011101
What is 2113303 (base 4) in base 8?
22763
What is 12122 (base 5) in base 11?
75a
What is 34001 (base 6) in base 4?
1022101
What is 1434 (base 5) in base 13?
15a
-331 (base 9) to base 15
-131
What is -110231 (base 4) in base 3?
-1211002
What is -332232 (base 4) in base 5?
-112024
100010000100010 (base 2) to base 9
25830
What is 56a (base 16) in base 3?
1220100
-202020021 (base 3) to base 10
-14749
Convert 14340 (base 9) to base 8.
23034
What is -5131 (base 8) in base 6?
-20133
-422 (base 6) to base 13
-c2
What is -10110110101 (base 2) in base 14?
-765
What is -350 (base 7) in base 6?
-502
Convert 2986 (base 11) to base 3.
12021102
-34a (base 12) to base 2
-111101010
41547 (base 8) to base 11
11a67
-101010001100 (base 2) to base 13
-12c9
What is -3123 (base 5) in base 11?
-346
Convert 1907 (base 11) to base 6.
15123
Convert -3c0 (base 13) to base 7.
-1635
Convert -16732 (base 8) to base 10.
-7642
Convert -560 (base 11) to base 13.
-3c8
Convert -813 (base 9) to base 10.
-660
-12032 (base 4) to base 9
-482
What is -678c (base 16) in base 6?
-322420
5b3d (base 16) to base 12
11625
-72a (base 14) to base 13
-846
692 (base 11) to base 13
4b8
7a5 (base 14) to base 4
113231
What is -1408a (base 11) in base 9?
-30462
Convert -b412 (base 16) to base 4.
-23100102
What is 51d (base 16) in base 15?
5c4
Convert 33243 (base 5) to base 13.
1099
46727 (base 9) to base 2
111100111101010
Convert 29c3 (base 14) to base 9.
11157
Convert 10315 (base 7) to base 16.
a00
-200313 (base 6) to base 8
-36465
Convert -101000011000 (base 2) to base 4.
-220120
758 (base 16) to base 13
b18
876 (base 16) to base 10
2166
-221030 (base 4) to base 13
-127a
What is -44341 (base 5) in base 3?
-11020200
Convert -20321 (base 5) to base 6.
-10104
Convert 25a4 (base 14) to base 12.
39b0
Convert -738 (base 16) to base 12.
-10a0
422 (base 16) to base 9
1405
735 (base 8) to base 14
261
What is -202a7 (base 11) in base 3?
-1111122211
Convert 125c (base 15) to base 16.
f48
4525 (base 6) to base 9
1408
What is -41645 (base 9) in base 6?
-331152
1b93 (base 14) to base 9
6807
What is -41684 (base 10) in base 2?
-1010001011010100
-2db (base 14) to base 3
-210200
Convert -32102 (base 5) to base 9.
-2851
50 (base 10) to base 15
35
-30 (base 12) to base 3
-1100
What is -6657 (base 8) in base 10?
-3503
Convert -100000101111 (base 2) to base 13.
-c52
Convert -5396 (base 12) to base 8.
-21742
-1c8 (base 13) to base 2
-101001101
3104 (base 7) to base 15
4c2
11012000 (base 3) to base 5
44201
Convert 242 (base 11) to base 13.
192
What is -32303 (base 5) in base 13?
-1006
103b (base 14) to base 16
aed
Convert -2266 (base 7) to base 10.
-832
-336a (base 15) to base 10
-10900
What is -8a00 (base 12) in base 9?
-22840
What is -15a5 (base 13) in base 10?
-3177
What is -911 (base 11) in base 4?
-101031
f1e (base 16) to base 11
29a9
16391 (base 11) to base 14
85b4
What is 1058 (base 9) in base 11?
651
43666 (base 8) to base 16
47b6
What is 20321030 (base 4) in base 2?
1000111001001100
What is 2143 (base 8) in base 7?
3163
Convert 24501 (base 6) to base 8.
7065
What is 1147 (base 9) in base 2?
1101010101
-121122 (base 6) to base 2
-10100110001010
Convert -12147 (base 8) to base 7.
-21141
What is 10141 (base 5) in base 7?
1646
What is -46238 (base 10) in base 2?
-1011010010011110
What is -1010031 (base 4) in base 12?
-2639
Convert -143407 (base 8) to base 5.
-3112301
-481 (base 12) to base 6
-3041
Convert 21131 (base 4) to base 8.
1135
2b02 (base 12) to base 2
1001110110010
-1113121 (base 4) to base 9
-7604
Convert 1201110 (base 3) to base 13.
756
-132 (base 13) to base 10
-210
-6b6 (base 15) to base 9
-2070
-80f (base 16) to base 7
-6005
75a (base 12) to base 2
10000110110
Convert d4d (base 16) to base 10.
3405
-430 (base 6) to base 11
-138
What is -100000000001 (base 2) in base 5?
-31144
Convert 101110 (base 4) to base 12.
784
What is ba26 (base 15) in base 10?
39411
Convert -a639 (base 13) to base 7.
-124102
Convert 1155 (base 9) to base 7.
2336
Convert -32334 (base 5) to base 13.
-1019
-2d47 (base 16) to base 7
-45536
Convert -1223 (base 5) to base 6.
-512
What is -2354 (base 9) in base 6?
-12034
Convert 2121 (base 6) to base 10.
481
-2546 (base 7) to base 16
-3c5
237 (base 15) to base 11
417
Convert -11111011000 (base 2) to base 14.
-a36
Convert -485 (base 15) to base 10.
-1025
What is -2b8 (base 12) in base 15?
-1d8
What is 43042 (base 7) in base 13?
4b13
44122 (base 